 8)?
6
Evaluate (-17 - 8) + -7 + 21 + 1 + 1 + 62.
53
Evaluate (19 - (-15 - -10 - -16)) + (15 - 3 - -25).
45
Evaluate 9 + (-349 - -355) + -2 + (2 - -48).
63
Evaluate 54 + -18 + -33 - 48.
-45
Calculate -6 - -27 - (-9 + -2 + 1) - 3.
28
17 + 86 + -65 + -19
19
What is 2158 + -2246 + (-1 - -19)?
-70
What is -7 + (15 - 143) - -61?
-74
Evaluate 10 + 17 + -8 + -10 - -23 - -14.
46
What is -12 + 2 - (65 + 47 + -180)?
58
Calculate 0 - -31 - (-6322 - -6463).
-110
(-87 + -75 - -133) + (-1 - -2) + 8
-20
What is the value of 30318 + -30306 - (-22 + (1 - 2))?
35
(-7 - -1 - -5) + -5 + -101 + 137
30
Calculate (-87 + 58 - 70) + 227.
128
Evaluate -1 + 13 + (9 + -28 + 46 - 36) - -75.
78
Evaluate (-1 - (1 + 11)) + (-115 + 133 - (-3 + -5)).
13
What is the value of 16 + (37 - 113) - -5?
-55
Calculate (6444 - 6521) + 0 + 45.
-32
Calculate 12 + 0 + (15 - (35 - -5)) + 31.
18
What is the value of (104 - 3) + (2807 - 2865)?
43
What is the value of -52 + (-81 - -55) + 117?
39
Evaluate -9 + (35 + 0 - (412 + -418)).
32
What is the value of (-64 + -1 - 1) + (-3 + 12 + -37 - -15)?
-79
Evaluate -91 + (-62 - 21) + 143.
-31
Evaluate (1 - 2 - (92 + -2)) + -17387 + 17362.
-116
What is the value of 26 + 1 + 305 + -342?
-10
Calculate (-9 - 93) + 275 + -231.
-58
Evaluate -53 - (-30 - (81 + -109)).
-51
What is the value of -59 + 47 - (-156 + 243)?
-99
Calculate 44 - ((59 - -45) + -29).
-31
-19 - (-35 + (12 - (-26 - -37)))
15
(10 - 0) + 2 + -121 + 21 + 113
25
Evaluate -7 - ((38 - 6) + -33 + 0 + 1).
-7
-47 - (59 - (103 - 7))
-10
Calculate 75 - -6 - (1 + (2 + 4 - 14) - 1).
89
Calculate -2 + (8 - 2) + ((20 - 15) + 7 - 23).
-7
What is the value of (-1 - 11) + (-52 + 37 - -19) - (-1 + -26)?
19
(-19 - -18) + (14 - (12 - 3)) + 1
5
Evaluate -28 + 38 + (-16 + 22 - (-3 + 9) - 62).
-52
What is the value of 2 + 11 + 9 - (35 + -31 + -7)?
25
What is (46 - -21 - 22) + -5 + (3 - 0)?
43
What is the value of (-55 - (59 - 39 - 46)) + 22?
-7
What is -6 - (57 + -44 + 35)?
-54
(-1 - 15) + (-9 - 4) + 14 - -21
6
What is (-27 - (31 + -76)) + (1 - -2)?
21
What is the value of 57 + (-19 - (3 + -14) - (-27 - -24))?
52
What is (-1 - 3) + 14 + (16 - 36 - -19)?
9
What is the value of -7 + -1 - 2 - (10 - (-2 + 18))?
-4
What is the value of 61 + 16 + -37 - (26 + -37)?
51
What is the value of (-8 - 7) + (-17 - 1) + -37 + (67 - 58)?
-61
Calculate 24 - 0 - (-2062 - -2127).
-41
(92 + -33 - 79) + 67
47
Evaluate 3 - 7 - -3 - -7 - (14 - (-49 + 179)).
122
What is the value of -6 + 22 + -32 + 29?
13
Calculate (-37 - (-18 - -61)) + 3 + 0 - -16.
-61
What is -64 + 4 + 6 - (1 - -2 - (16 + -6))?
-47
28 - (25 - (-80 - -72))
-5
What is the value of 89 - (-11 - -84) - 74?
-58
What is 1 + (0 - 0) + (-67 - -42 - 18) + 88?
46
What is 7 + -8 + 13 - -11 - (4 + -3 + 8)?
14
(-44 - (-14 + 17 + -26)) + 6 + 0
-15
What is (-7 - -79) + (27 - 69) + 37?
67
-2 - (-7 - (-27 - -19) - (-7 + 2)) - 94
-102
(18 - 42) + (-8 - -7) + -11
-36
Calculate -42 + -75 + 62 + (-46 - -18).
-83
Evaluate 12 + -11 + (-114 - -122).
9
What is the value of -93 + (42 + 75 - 22)?
2
What is 1 - 0 - (37 + (34 - 35 - 14) + -84)?
63
Evaluate 39 - (-11 + 0 + -2 - (-31 + -5 - -27)).
43
Evaluate (50 + -40 - -45) + -32.
23
Calculate (-746 - -670) + (123 - 8).
39
2 + 26 + (18 - (20 - -21 - 18))
23
3 - -5 - 6 - (-171 + 138)
35
(-1 - 13 - (-36 + -27 + 50)) + 112
111
What is the value of (21 - (2 - -8) - (-6 - -22)) + -5?
-10
Evaluate -15 + (-19 - -128 - 35).
59
(0 + -9 - (-330 + 313)) + (9 - 3)
14
Calculate (-3 - 7) + 21 + (18 - 9) + -21.
-1
What is (171 - (93 + -26)) + -12?
92
What is (87 - -1) + (7 + -10 - 20)?
65
What is the value of -5 - (2 - 8) - (1 - -10) - (-179 + 159)?
10
What is the value of (9 - -3) + (134 - 78 - 13)?
55
What is the value of 18 - ((-85 - -9 - -89) + -1 + 4)?
2
-2 + (-34 - -32 - (8 + -27))
15
What is the value of 9 + (5 - (-9 - -31 - 10 - 9) - 54)?
-43
Calculate -1 - (-22 + -17 + 100).
-62
Calculate 2610 + -2624 - (32 - 0).
-46
(-12 - -1) + -1225 + 1241 + 54
59
-18 + (31 - 11) + -9 + 32
25
Calculate 1 + -19 + -8 + 9 + -9 + 22.
-4
What is 18 + -10 + 23 - (38 + 20)?
-27
What is -224 - -216 - (-58 - ((-2 - -5) + -1))?
52
What is the value of -18 - (49 - (108 + -11))?
30
Calculate 26 + -54 + -78 + 142.
36
What is (-83 - -85) + (-9 - 16)?
-23
Calculate (3 - 3 - (-8 - (-6 + 5 - 3))) + -90.
-86
17 + (-29 - -7) + 23 + -7
11
-46 + 34 + (6 - -82 - 4 - 3)
69
(-1 + -1 - 2) + (-30 + 21 - -61 - 150)
-102
What is the value of (-3 - -1) + -138 + -4 - (86 - (-136 + 232))?
-134
-24 - -71 - -36 - (5 + -1 - 3 - -3)
79
Calculate (63 - (21 + (-16 - -7) + 0)) + -13.
38
(43 - (52 + -26)) + 0 + 2
19
Calculate -7 + -7 + -8 - (-227 + 60 - -12).
133
Calculate (-16 - (-4 - -2) - -28) + -69 + 2.
-53
Evaluate 8 + -19 + (-90 - -59).
-42
What is 2 - -17 - ((31 - 9) + 1 + -17)?
13
What is (-20 - (18 - 57)) + 6 - 7?
18
What is the value of (-13 - (19 - 27) - 16) + 28?
7
18 + (-1 - 16) + (-127 - -148)
22
-16 - 114 - -83 - 18
-65
Calculate -9 + (79 + -94 - (10 + -1)).
-33
What is the value of -25 + (29 - 0) + -377 + 322?
-51
(-1 - -12 - (9 - 11)) + 8 + -53 + -10
-42
What is the value of 0 + (1 + 3 - 3) - (-15 - -21 - -14)?
-19
-109 - -58 - (11 + 4 + -5) - 7
-68
What is the value of 30 - (-51 + (74 - 9))?
16
What is 27 + (-45 - -45) + 0?
27
What is -94 - (46 + 5 + -23 + 7)?
-129
Evaluate (-59 - (-64 - -116)) + 54.
-57
What is (-73 - (-96 + 127)) + -15?
-119
What is 3 - 41 - (3 - (22 - 7)) - 4?
-30
What is the value of 8 - (-126 + 146 + (-1 - 4))?
-7
What is -10 + 81 + (-60 - -17)?
28
Evaluate 143 + 4 + 3 + (8 - 12) + -22.
124
Calculate (-10 - 9) + (52 - 40 - (-120 - -2)).
111
What is the value of 1 + -22 - (-497 - -425) - (-1 - (0 + -5))?
47
Calculate 15 + -59 + 1 + -28 + 15.
-56
What is 2 + (-6 - -2 - -2) - (-16 - (29 + -53))?
-8
What is the value of -30 - -9 - (-58 + 36)?
1
Calculate 22 + (-4 - (-18 + 37) - -7).
6
(79 - 25 - 29) + -16
9
Calculate 40 - -55 - -7 - 66.
36
-34 - (15 + -33 - -72)
-88
-7 - (-4 - (2 + (-1 - 10))) - -24
12
What is 4 - (129 + -51 + -13)?
-61
Evaluate 4 - ((-12 - -12) + (1 - -29)) - (-84 + 93).
-35
(16 - 8 - -53) + (0 + -1 - (-66 - -57))
69
Calculate -161 - -196 - (4 + -9 + 5).
35
What is the value of 0 + -43 + (12 - (-41 + (66 - 29)))?
-27
What is (27 - (19 + 6)) + -1 + 1 + -3 + -111?
-112
Evaluate 116 - ((62 - 19) + 9).
64
What is -3 - 11 - (2870 + -2837)?
-47
What is (9709 - 9801) + (-2 - -180)?
86
50 - (-2 - (29 - (15 + 3)))
63
What is the value of (-6979 - -7008) + (1 - 37)?
-7
What is -91 + (181 - 58) - 73?
-41
-13 - (0 - -21 - (14 + 40 + -41))
-21
(-195 - -156) + 51 - (-1 - (1 + 16))
30
Calculate -8 + (-29 - -24) + -5 + (0 - 4).
-22
What is 30 - (-5 + 106 - 59)?
-12
What is the value of (209 - 184) + -8 + 13 + -23 + 1?
8
What is 7 + 0 - (3019 - 3025)?
13
What is 42 + (94 - 79 - 97)?
-40
17 + 1 - (11 + 47 + -96)
56
2 + -82 + (281 - 260)
-59
Calculate -20 - -114 - (17 + 10 - -2).
65
Evaluate (-5 - -1) + (-7 + 1 - (25 + -33)) + 10.
8
What is 50 + -3 + -92 + 112?
67
What is -2 - 16 - (14 + -42)?
10
-49 + (49 - 78) + 42
-36
What is the value of -20 - (1 + -46 + (34 - 47))?
38
Evaluate 0 - (-19 + (19 - 4)) - (-8 - (0 - 1)).
11
What is -29 + (2 - 6) - (-22 + (39 - 9) + -18)?
-23
What is the value of 6 - -131 - (-96 + 168)?
65
What is the value of (8 + -1 - (-28 + 33)) + 24 + (-13 - -11)?
24
What is the value of 30 - (14 - ((10 - 11) + (2 - -1)))?
18
What is the value of 25 - (0 + 19 + 23)?
-17
Calculate -4 + -14 + 7 + 13 + -33 + -2 + -4.
-37
-56 - (5 + -20) - (15 - (31 - 21))
-46
What is the value of 26 + (11 - (-14 - (-12 + -11))) - -1 - -7?
36
What is the value of -15 - (27 - 1 - (-147 + 125))?
-63
What is -33 - ((34 - 85) + 34) - (113 - (-2 - -7))?
-124
Calculate -70 + 35 + 15 + -58.
-78
Calculate -9 + (-6 + 1 + 0 - ((-7 - -1) + -60)).
52
(-1 - 0) + -131 + 117 + 22
7
-895 + 918 - ((3 - 4) + (4 - 6) + 15)
11
What is 7 + -10 + 7 + (3 - (-10 - -17)) - 51?
-51
What is (-12 - (-50 - -11)) + -29 - (70 - 3)?
-69
Calculate (-8 + 26 + -5 - -8) + 18 + -17.
22
What is 54 + -119 + 49 - -26?
10
Evaluate 17 - (30 + -4 + -21).
12
0 + 22 - (18 - (42 + -1 + (-21 - -5)))
29
Calculate 10 + (5 + (5 - 4) - 5) + 27.
38
16 + 30 + (-303 - -348)
91
Evaluate (148 - 165) + (-109 - -159).
33
Calculate 102 + -239 - (-13 - -8 - (-6 + 11)).
-127
Calculate 42 - (-41 + 13 - -79).
-9
Evaluate -19 + 